
Suppose -4*x + 34628 = -3*m, 0 = 4*m - 0*m - 5*x + 46169. What is the hundreds digit of (-4)/(-10) + 7 + m/(-35)?
3
Suppose -11 + 2 = 3*c, 3*o + 5*c = 3111. Let p be (-1)/(-9 - -4 - -4) + o. Suppose -5*r - 268 + p = 0. What is the tens digit of r?
5
Suppose -3*z + 3*y = -9660, -6*z - 4*y + 10510 = -8850. What is the thousands digit of z?
3
Let p(x) = 26*x - 11. Let q be p(4). Let g be -1*q/12*-28. Suppose 3*v = -4*u + g + 97, 5*u = -5*v + 520. What is the tens digit of v?
0
Suppose 27032 = 4*t - 4*m, 4*t + 9*m - 28230 = -1224. What is the units digit of t?
6
Suppose -d + 5*w = -1295, -3*w + 16 = 31. Suppose 6*n + 250 = d. What is the units digit of n?
0
Suppose -57*p + 56*p + 556 = l, -2*p - 3*l = -1116. What is the units digit of p?
2
Let q(c) = 124*c + 89. Let n be q(-5). Let f = n - -820. What is the hundreds digit of f?
2
Let j be ((-2)/3)/((-19)/114). Let l be ((-5)/(-1))/(6/354). Suppose -2*s + 453 = j*z - 145, -2*z + 3*s = -l. What is the tens digit of z?
4
Let v(h) be the third derivative of 13/60*h**5 + 0*h + 5/3*h**3 + 31*h**2 + 11/24*h**4 - 1/120*h**6 + 0. What is the hundreds digit of v(13)?
1
What is the tens digit of 105/189 + 3487204/63?
5
Let b(t) = 246*t + 7. Let m = -9 + 8. Let p be b(m). Let a = p - -448. What is the hundreds digit of a?
2
Let d = 409 + -170. Let h = 778 - d. What is the hundreds digit of h?
5
Let m = -5 + 13. Suppose -3*x + 28 = n, -2*x - 2*n + m = -16. What is the tens digit of -6*(-4)/x - -140?
4
Let n(l) = l. Let u be n(-6). Let c(s) be the second derivative of -s**5/20 - s**4/6 + 2*s**3 - 2*s**2 - 104*s + 3. What is the units digit of c(u)?
8
Let s be -1 + 1/(-2)*-10*1. Suppose o + 2*o = -3*f + 2658, s*o + 871 = f. What is the units digit of f?
3
Suppose 0 = 4*h - 275 + 95. Suppose -39 + h = 3*z. Suppose -7*b + d - 202 = -8*b, -1004 = -5*b - z*d. What is the units digit of b?
0
Let n(l) = -719*l - 385. What is the ten thousands digit of n(-55)?
3
Suppose 3*k = -2*d + 5, 4*k - 4 = 2*d - 2. Let u(y) = 260*y. Let p be u(k). Suppose 3*w = 82 + p. What is the units digit of w?
4
Suppose -8*h + 3*d = -3*h - 26, -4*h - 3*d + 10 = 0. Suppose 16 = h*y, 2*z - 12 = z - 3*y. Let k(s) = -s**2 + s + 237. What is the units digit of k(z)?
7
Suppose -108*k + 186633 = -4316427. What is the hundreds digit of k?
6
Let v be (1 + 0)/(5 - (-714)/(-144)). Let u be 3135/20 + 6/v. Let c = 15 + u. What is the tens digit of c?
7
Let v = -37 - -41. Suppose 0 = -4*y + v*u + u + 603, 4*y - 4*u = 604. Suppose 5*d + 446 = 5*r + 81, 2*r - 4*d = y. What is the units digit of r?
0
Let n = -2677 - -6662. Suppose 6*b = 11*b - n. What is the tens digit of b?
9
Let y be 23568/44 - (-64)/176. Let u = 957 - y. What is the tens digit of u?
2
Suppose 94299 = 4*g - 141*m + 144*m, -4*m - 70743 = -3*g. What is the hundreds digit of g?
5
Let i(h) = 11*h**3 + 2*h**2 + 4*h + 3. Let g be i(-2). Let w = g - -447. What is the hundreds digit of w?
3
Let t = -14514 + 14517. Let d(w) = 96*w**2 + 3*w. Let i be d(-3). Suppose 5*n - 3*v + 5*v = i, t*n = v + 524. What is the units digit of n?
3
Let u be 16 - ((-114)/30 + (-1)/5). Suppose -u = -5*m - 5. What is the tens digit of (536/12)/(2/m)?
6
Let r = -50 + 47. Let p be (-26)/(-6) - (-1)/r. What is the units digit of -28*p/(-7)*6?
6
Suppose -2*i + 29912 - 402 = j, 6 = j. What is the hundreds digit of i?
7
Suppose -29 = 5*t + 3*m - 6, -3*t - 8 = -4*m. Let l(v) = -8*v**3 + 4*v**2 + 3*v - 7. What is the hundreds digit of l(t)?
5
Let t(r) = r**3 + 11*r**2 + 6*r + 14. Let a be t(-11). Let h = a + 56. Suppose h*z = 9*z - 545. What is the units digit of z?
9
Let q(c) = -3*c**3 - 33*c**2 - 24*c + 33. Let g be q(-14). Let o = g - 1315. What is the units digit of o?
8
Suppose 8684*k - 8696*k + 130488 = 0. What is the thousands digit of k?
0
Let n = 138 - -1202. What is the hundreds digit of n?
3
Let p = 82660 - 47054. What is the tens digit of p?
0
Let r = 2934 + -2070. Suppose r = -3*x + 7*x. What is the hundreds digit of x?
2
Suppose -75*q - 72848 = -204323. What is the thousands digit of q?
1
Let b = -14073 + 27659. What is the ten thousands digit of b?
1
Let v = -33810 - -52715. What is the tens digit of v?
0
Suppose 5*t - 318 = u + 254, 4*u = t - 103. Suppose 0 = -119*b + t*b + 1076. Suppose 0 = 2*w - y + 2*y - b, 3*w = -2*y + 402. What is the units digit of w?
6
Suppose t + 2035 = 2*q + 2*t, 0 = -4*q - t + 4067. Suppose -8*j - q = -4784. What is the tens digit of j?
7
Suppose 13*v = 578695 - 101231. What is the units digit of v?
8
Suppose 3*k + 32 = 2*k - 5*z, 0 = -5*k + 3*z - 104. Let r = 50 + k. What is the units digit of r?
8
Suppose -24*f = -47*f + 137367 + 151973. What is the units digit of f?
0
Let c(t) = t**3 + 68*t**2 + 93*t - 165. What is the tens digit of c(-55)?
4
Let s(x) = x**3 - 8*x**2 + 9*x - 13. Let j be s(7). What is the hundreds digit of 1243/4 + j/4?
3
Let h(o) = -33*o - 2. Let g(v) = 32*v + 2. Let z(p) = -3*g(p) - 2*h(p). Let d be z(-1). Suppose 23*u - d*u = -215. What is the tens digit of u?
4
What is the units digit of 44464/21*-18*(2 - 17/8)?
4
Let m(t) = 35*t**2 + 3*t - 1. Let o(n) = -36*n**2 - 4*n + 1. Let a = -60 + 65. Let s(y) = a*o(y) + 6*m(y). What is the tens digit of s(-1)?
3
Suppose g + 4 = 34. Let f = -5727 - -5702. Let z = g - f. What is the units digit of z?
5
What is the hundreds digit of 99/(-66)*1496/(-3)?
7
Let p(v) = 189 - 4*v + 6*v**3 - 23 + v**2 + 3*v - 5*v**3. Suppose 0*m = 15*m - 3*m. What is the units digit of p(m)?
6
Let u be (9 + 12 + -27)/(4/590). Let p = 225 - u. What is the hundreds digit of p?
1
Let m(g) = g**2 - 3*g + 8. Let t = -34 - -36. Suppose t*d + 61 = 49. What is the units digit of m(d)?
2
Let l be (5 - 2)*(-10)/(-6). Let t = 656 - 287. Suppose -3 = h, -3*u - l*h = -4*h - t. What is the units digit of u?
4
Suppose 4*p = -2*h + 60, 8*p - 6*p + 126 = 5*h. Suppose -25*v + h*v - 585 = 0. What is the tens digit of v?
8
Let x(r) be the second derivative of r**4/4 - 4*r**3/3 + 20*r**2 - 103*r. What is the tens digit of x(6)?
0
Let b(w) = 38*w - 2. Let i be b(1). Let l be -8*(2/32)/((-6)/i). What is the tens digit of (-3)/((-1)/171*l)?
7
Let x = -9 + 16. Let b(k) = -k**3 + 7*k**2 + 4. Let l be b(x). Suppose -l*r = -7*r + 279. What is the units digit of r?
3
Let w = -22165 - -40413. What is the units digit of w?
8
Let n = 426 + -408. Suppose -n*y + 1744 = -2000. What is the units digit of y?
8
Let l = -16 - -16. Suppose 0 = -m - 4*b + 10, l*m + b = 4*m - 6. What is the hundreds digit of (-402)/(4*(-1)/m)?
2
Let u(m) be the third derivative of m**5/60 + m**4/12 - 3*m**3/2 + 26*m**2. Let a be u(-4). What is the tens digit of a*(4 - 2)*-45?
9
Suppose 4*n = 5*l + 15, -5*n = -7*l + 2*l - 20. Suppose 2*i + 20 + 90 = 4*p, 2*p - 35 = n*i. Let b = 166 + p. What is the units digit of b?
6
Suppose 5*c - 8 = 7. Suppose -2*a - b - 6 = 0, -3*a - c*b + 2 = -2*a. Let u(v) = -29*v - 10. What is the units digit of u(a)?
6
Suppose -7*l + 48810 = 15623. What is the units digit of l/11 - (1 - 3)?
3
Let j(t) = -2*t + 2 - t + t**3 + 6*t**2 - 17*t**2 + 0*t**2. Let v = -12 - -24. What is the tens digit of j(v)?
1
Let a be -1 - ((-2)/(-5) + 5887/(-5)). Suppose 0*g - a = -2*s - 2*g, g + 2916 = 5*s. What is the tens digit of s?
8
Let j be 10/(270/7389)*-6. Let w = j + 2316. What is the units digit of w?
4
Let n(g) = g**2 - 16*g - 58. Suppose -5*u + 45 = -5*x, -4*x = -5*x + 3*u - 7. What is the units digit of n(x)?
2
Let s = -4069 + 16281. What is the thousands digit of s?
2
Let r = 30918 + -17128. Suppose 34*s - r = 24*s. What is the hundreds digit of s?
3
Suppose -a + b + 25 = -3*b, 2*a + 4*b = 2. Suppose -11*u = -a*u. Suppose u = q - 4*f - 38, 0*f - 3*f + 45 = q. What is the units digit of q?
2
Let l = 566 - 427. Let x = l + -48. What is the tens digit of x?
9
Suppose -64*b = -462440 - 288856. What is the hundreds digit of b?
7
Suppose -292*m + 220*m + 116784 = 0. What is the units digit of m?
2
Suppose 35332 = 4*x - 4*v, 5*x = -3*v - 19795 + 63992. Suppose x = 9*p - 6265. What is the units digit of p?
8
Suppose -3*v - 209 = -4*r, -259 = 4*v - 5*r + 18. Let j = 91 + v. What is the units digit of (184/j - 7) + 454/14?
2
Let x = -2655 + 1462. Let c = x - -1735. What is the units digit of c?
2
Let f(t) = 4814*t - 3678. What is the hundreds digit of f(7)?
0
Let k be -3124 - 1 - (4 + 10/(-